3 - 24*n**2 + 26*n - 2. Calculate v(1).
1
Let u(k) = 2*k**3 - 131*k**2 + 70*k - 320. What is u(65)?
5
Let q(z) = 14261*z - 299476. Give q(21).
5
Let b(d) = -2*d - 17. What is b(3)?
-23
Let c(h) = -h**2 + 75*h - 1324. What is c(29)?
10
Let u(l) = -116*l - 268. Give u(-2).
-36
Let i(t) = 124*t - 3722. Give i(30).
-2
Let s(h) = h**3 + 38*h**2 + 35*h + 94. Give s(-37).
168
Let p(y) = -9*y + 129. Give p(17).
-24
Let w(x) = -x**3 - 33*x**2 - 62*x + 5. Determine w(-31).
5
Let y(q) = -3*q**3 - 90*q**2 - 11*q - 329. Determine y(-30).
1
Let j(p) = -2*p**3 - 200*p**2 + 196*p - 467. Give j(-101).
139
Let r(f) = -47*f - 1062. What is r(-26)?
160
Let z(v) = -29*v - 190. Give z(-10).
100
Let n(h) = -192*h**2 - 959*h + 29. Determine n(-5).
24
Let a(c) = 135*c + 14299. Determine a(-105).
124
Let b(y) = -2*y - 25. Give b(4).
-33
Let d(i) = -11*i + 223. Calculate d(12).
91
Let q(h) = 29*h + 712. Determine q(-25).
-13
Let d(v) = -8*v**2 + 42*v + 199. Determine d(-4).
-97
Let y(v) = v**3 - 63*v**2 - 61*v - 175. Determine y(64).
17
Let b(s) = 11*s - 47. Give b(-10).
-157
Let i(a) = a**2 + 4*a - 905. What is i(-32)?
-9
Let s(q) = -2*q**3 + 4*q**2 - 3*q - 11. Give s(4).
-87
Let r(y) = -4*y**2 + 699*y - 28669. Determine r(109).
-2
Let p(n) = -2*n**3 + 30*n**2 + 29*n - 3. Determine p(-1).
0
Let v(g) = -18*g + 1120. What is v(62)?
4
Let l(p) = p**3 + 17*p**2 - 20*p - 8. Calculate l(-18).
28
Let w(g) = -20*g + 126. What is w(9)?
-54
Let x(a) = -714*a - 5033. What is x(-7)?
-35
Let m(x) = 242*x + 2898. Determine m(-12).
-6
Let m(c) = -1647*c - 4968. Determine m(-3).
-27
Let s(t) = 481*t - 2348. What is s(5)?
57
Let b(o) = -o**2 - 26*o - 20. What is b(-27)?
-47
Let s(v) = -8*v + 45. Calculate s(2).
29
Let n(u) = -7*u**2 - 37*u + 20. What is n(-6)?
-10
Let q(a) = 6*a**2 - 876*a + 22374. Calculate q(33).
0
Let m(j) = -6*j**3 + 7*j**2 - 5*j + 4. Calculate m(1).
0
Let o(w) = -5*w**3 - w**2 - 4*w - 17. Determine o(-2).
27
Let o(v) = -40*v**2 + 3*v. Determine o(-1).
-43
Let v(h) = -454*h + 13163. Determine v(29).
-3
Let d(f) = -9*f**2 - 12*f - 1. What is d(-3)?
-46
Let x(f) = 3*f**2 + 91*f + 40. Calculate x(-31).
102
Let f(i) = -1790*i + 225542. Determine f(126).
2
Let t(p) = -48*p**2 - 1166*p + 856. Determine t(-25).
6
Let a(u) = -u**2 + 116*u - 1603. Determine a(100).
-3
Let z(t) = t**3 + 99*t**2 - 414*t - 66. Determine z(-103).
140
Let l(q) = 138*q - 841. Calculate l(7).
125
Let z(x) = -5*x - 236. Determine z(-56).
44
Let g(a) = 2*a**2 + 122*a - 15258. What is g(62)?
-6
Let t(m) = -25*m**2 + 374*m - 1125. Calculate t(3).
-228
Let x(j) = -j**3 + 16*j**2 - 63*j + 33. What is x(10)?
3
Let g(o) = -299*o - 244. What is g(-1)?
55
Let h(b) = b**3 + 43*b**2 + 4*b + 63. Calculate h(-43).
-109
Let y(o) = -4450*o - 48954. What is y(-11)?
-4
Let r(o) = o**3 - 46*o**2 + 41*o + 188. Calculate r(45).
8
Let o(b) = -b**3 - 18*b**2 - 77*b - 2. Give o(-11).
-2
Let q(y) = y**2 + 53*y - 137. Calculate q(3).
31
Let a(d) = 45*d**2 + 118*d - 2. Calculate a(-5).
533
Let g(o) = 24*o**2 + 412*o - 6. Calculate g(-18).
354
Let r(p) = p**2 - 16*p - 20. Determine r(17).
-3
Let c(z) = -884*z + 978. What is c(1)?
94
Let z(j) = 11*j**2 - 43*j + 12. Determine z(2).
-30
Let a(x) = -2*x**3 + 127*x**2 - 57*x - 145. Give a(63).
233
Let l(g) = 17*g - 130. Give l(-7).
-249
Let s(u) = -107*u + 228. What is s(2)?
14
Let f(t) = -t**2 - 2251*t - 112196. What is f(-51)?
4
Let m(q) = 2*q**3 - 2*q**2 + 5*q - 13. What is m(2)?
5
Let s(m) = -284*m**3 - m**2 + 9*m - 7. Determine s(1).
-283
Let x(n) = n**3 - 48*n**2 - 107*n + 365. What is x(50)?
15
Let m(p) = -3*p**3 - p**2 + 109*p + 213. Determine m(-2).
15
Let b(q) = -10*q - 108. Determine b(-11).
2
Let y(t) = t**3 + 37*t**2 - 37*t + 41. Calculate y(-38).
3
Let b(h) = 46*h**2 - 36*h - 24. Give b(-3).
498
Let c(x) = -670*x - 3. Determine c(0).
-3
Let n(f) = -4*f**3 + 253*f**2 - 314*f + 245. Give n(62).
-3
Let r(o) = 185*o + 9606. Determine r(-52).
-14
Let o(h) = 22*h + 190. What is o(-8)?
14
Let s(k) = -k**3 - 13*k**2 + 122*k + 879. Determine s(-7).
-269
Let d(i) = -i**2 + 16*i + 1989. What is d(-37)?
28
Let j(u) = -u**2 - 21*u - 111. Determine j(-5).
-31
Let z(g) = 2*g**3 - 141*g + 279. Determine z(2).
13
Let k(y) = -58*y + 135. Give k(3).
-39
Let v(m) = m**3 - 39*m**2 + 387*m - 160. What is v(18)?
2
Let r(v) = -4*v + 98. Determine r(18).
26
Let f(n) = 7*n**2 + 5*n - 34. What is f(-7)?
274
Let b(z) = 3*z**2 - 77*z + 155. Determine b(24).
35
Let l(s) = -824*s**3 + 15*s**2 + 17*s + 1. Give l(-1).
823
Let q(s) = -s**3 + 70*s**2 + 79*s - 562. Give q(71).
6
Let x(m) = 3*m**3 + 67*m**2 + 30*m + 185. Calculate x(-22).
9
Let o(x) = -442*x - 31825. What is o(-72)?
-1
Let s(w) = 95*w + 178. What is s(-2)?
-12
Let i(c) = -c**3 + 17*c**2 + 315*c - 5211. Calculate i(16).
85
Let h(o) = -13*o**3 - 63*o**2 - 4*o - 54. Determine h(-5).
16
Let f(o) = 18*o**2 + 125*o - 9. Determine f(-7).
-2
Let n(s) = s**3 + 44*s**2 - 49*s - 171. Determine n(-45).
9
Let f(z) = 2*z**3 - 10*z**2 - 79*z + 421. Determine f(6).
19
Let t(r) = -112*r - 225. Give t(-2).
-1
Let i(z) = -2*z**3 + 128*z**2 + 261*z + 204. What is i(66)?
6
Let z(m) = -1319*m - 4005. Determine z(-3).
-48
Let k(j) = -3*j**3 + 266*j**2 + 99*j - 892. Give k(89).
-2
Let a(r) = -2*r**3 + 24*r**2 + 53*r + 4. Determine a(-2).
10
Let g(j) = -j**3 - 29*j**2 + 40*j + 63. Determine g(-30).
-237
Let p(i) = 83*i**2 - 74*i + 75. Give p(1).
84
Let o(y) = y**3 - y**2 - 11*y - 52. Calculate o(-3).
-55
Let s(j) = j**2 + 51*j + 418. What is s(-10)?
8
Let f(w) = -w**3 + 25*w**2 + 28*w - 36. Calculate f(26).
16
Let o(d) = -221*d - 7926. Give o(-36).
30
Let y(x) = -2*x**2 - 33*x + 84. Give y(5).
-131
Let f(t) = t**3 - 42*t**2 + 1. Calculate f(42).
1
Let h(n) = -4*n**2 - 401*n + 3918. Calculate h(9).
-15
Let o(b) = -221*b**3 - 3*b**2 - 4*b - 1. What is o(-1)?
221
Let t(o) = 15*o**2 + 415*o - 569. Give t(-29).
11
Let y(q) = 7*q**2 + 238*q - 14. Determine y(-34).
-14
Let y(p) = 50*p - 1629. Give y(32).
-29
Let c(r) = r**3 + 2*r**2 + r + 46. Give c(0).
46
Let i(d) = -22*d**2 + 2838*d + 1. Give i(129).
1
Let f(k) = 183*k**2 - 36*k + 37. Give f(1).
184
Let r(t) = -t**3 - 6*t**2 + 50*t + 15. What is r(-11)?
70
Let v(t) = -7*t**2 - 46*t - 57. Give v(-2).
7
Let v(l) = -2*l**2 - 109*l - 321. What is v(-53)?
-162
Let p(h) = -20*h**3 + 7*h**2 - 4*h + 2. Determine p(1).
-15
Let g(j) = j**2 + 36*j + 250. Determine g(-28).
26
Let i(x) = -57*x + 414. What is i(7)?
15
Let d(j) = -6173*j + 37029. Determine d(6).
-9
Let g(s) = -31*s**2 - 180*s + 248. Calculate g(-7).
-11
Let k(w) = w**3 + 20*w**2 + 17*w - 47. Calculate k(-19).
-9
Let k(z) = 278*z + 279. Determine k(-1).
1
Let u(z) = z**2 - 15*z - 1131. Determine u(43).
73
Let h(j) = -21*j + 15. What is h(-6)?
141
Let j(h) = -2*h**2 - 69*h - 572. Give j(-19).
17
Let l(o) = 2*o**3 + 21*o**2 - 26*o - 14. Calculate l(-8).
514
Let l(p) = -40*p - 400. Calculate l(-12).
80
Let q(v) = v**3 - 27*v - 31. Calculate q(-4).
13
Let t(u) = -3*u - 134. Calculate t(-22).
-68
Let u(g) = -46*g + 23. Give u(-2).
115
Let b(o) = o**3 + 43*o**2 - 529*o + 43. Give b(-53).
-10
Let h(m) = m**3 - 44*m**2 - 246*m + 72. Determine h(49).
23
Let d(a) = -348*a - 3840. Give d(-11).
-12
Let j(w) = -2*w**2 - 80*w + 207. Calculate j(-48).
-561
Let x(w) = -65*w + 1767. Calculate x(27).
12
Let t(i) = 44*i**2 - 1891*i - 29. Calculate t(43).
14
Let g(m) = 151*m**2 - 1503*m - 4. Determine g(10).
66
Let o(u) = -249*u + 526. What is o(2)?
28
Let b(u) = 4*u**3 - 5*u**2 + 37*u + 43. Give b(-1).
-3
Let c(o) = 5*o**3 + 66*o**2 + 19*o + 23. What is c(-13)?
-55
Let o(k) = 5*k - 188. What is o(21)?
-83
Let t(h) = 14*h**3 - 238*h**2 + 2*h - 37. Give t(17).
-3
Let w(p) = 216*p - 853. Calculate w(4).
11
Let h(v) = -v**3 + 11*v**2 - 14*v + 155. Give h(10).
115
Let c(d) = -14*d**3 - 7*d**2 + 15*d - 6. What is c(1)?
-12
Let b(p) = p**2 + 568*p - 4035. Determine b(7).
-10
Let n(a) = -a**3 + 9*a**2 + 116*a - 1045. Determine n(10).
15
Let f(b) = -176*b - 177. Give f(-1).
-1
Let j(x) = 252*x + 1269. What is j(-5)?
9
Let x(h) = 1101*h - 3312. Determine x(3).
-9
Let d(m) = -57*m + 205. Determine d(0).
205
Let x(j) = j - 134. Determine x(20).
-114
Let b(l) = -l**2 - 76*l - 412. Determine b(-6).
8
Let a(g) = 202*g - 395. Calculate a(2).
9
Let h(d) = d**2 - 282*d - 5071. Give h(-17).
12
Le